{"id":96,"date":"2026-01-13T20:44:33","date_gmt":"2026-01-13T19:44:33","guid":{"rendered":"https:\/\/enavantlesessarts2026.fr\/?page_id=96"},"modified":"2026-01-31T16:44:36","modified_gmt":"2026-01-31T15:44:36","slug":"introduction","status":"publish","type":"page","link":"https:\/\/enavantlesessarts2026.fr\/home\/introduction\/","title":{"rendered":"Introduction"},"content":{"rendered":"\n<p><\/p>\n\n\n\n<h1 class=\"wp-block-heading alignfull has-text-align-center hostinger-ai-solid-block hostinger-ai-fade-up has-light-color has-color-2-background-color has-text-color has-background has-link-color wp-elements-75170fff8cdeb545393fb7098c8ca04f\" data-aos=\"fade-up\" style=\"padding-top:var(--wp--preset--spacing--60);padding-bottom:var(--wp--preset--spacing--60)\">Un nouveau mandat<\/h1>\n\n\n\n<div class=\"wp-block-group has-global-padding is-layout-constrained wp-block-group-is-layout-constrained\"><\/div>\n\n\n\n<div class=\"wp-block-columns is-layout-flex wp-container-core-columns-is-layout-28f84493 wp-block-columns-is-layout-flex\">\n<div class=\"wp-block-column is-layout-flow wp-block-column-is-layout-flow\" style=\"flex-basis:70%\">\n<figure class=\"wp-block-embed is-type-video is-provider-tiktok wp-block-embed-tiktok\"><div class=\"wp-block-embed__wrapper\">\n<blockquote class=\"tiktok-embed\" cite=\"https:\/\/www.tiktok.com\/@ismael.nehlil\/video\/7597159140213017878\" data-video-id=\"7597159140213017878\" data-embed-from=\"oembed\" style=\"max-width:605px; min-width:325px;\"> <section> <a target=\"_blank\" title=\"@ismael.nehlil\" href=\"https:\/\/www.tiktok.com\/@ismael.nehlil?refer=embed\">@ismael.nehlil<\/a> <p>N\u2019h\u00e9sitez pas \u00e0 me poser toutes vos questions, je prendrai le temps d\u2019y r\u00e9pondre.\u2705 <a title=\"prtoi\" target=\"_blank\" href=\"https:\/\/www.tiktok.com\/tag\/prtoi?refer=embed\">#prtoi<\/a> <a title=\"municipales\" target=\"_blank\" href=\"https:\/\/www.tiktok.com\/tag\/municipales?refer=embed\">#municipales<\/a> <a title=\"maire\" target=\"_blank\" href=\"https:\/\/www.tiktok.com\/tag\/maire?refer=embed\">#maire<\/a> <a title=\"78\" target=\"_blank\" href=\"https:\/\/www.tiktok.com\/tag\/78?refer=embed\">#78<\/a> <a title=\"2026\" target=\"_blank\" href=\"https:\/\/www.tiktok.com\/tag\/2026?refer=embed\">#2026<\/a> <\/p> <a target=\"_blank\" title=\"\u266c son original - ISMA\u00cbL NEHLIL\" href=\"https:\/\/www.tiktok.com\/music\/son-original-7597159145334295299?refer=embed\">\u266c son original &#8211; ISMA\u00cbL NEHLIL<\/a> <\/section> <\/blockquote> <script async src=\"https:\/\/www.tiktok.com\/embed.js\"><\/script>\n<\/div><\/figure>\n<\/div>\n\n\n\n<div class=\"wp-block-column is-layout-flow wp-block-column-is-layout-flow\" style=\"flex-basis:45%\">\n<p class=\"has-custom-vert-color has-text-color has-link-color wp-elements-25616b23039ce75f0697b169a8efc751\">Qui suis-je ?<\/p>\n\n\n\n<pre class=\"wp-block-verse\">Pour ceux qui ne me connaissent pas, je suis Essartois depuis pr\u00e8s de 20 ans. Directeur juridique, je suis mari\u00e9 et p\u00e8re de deux enfants de 16 et 13 ans. Engag\u00e9 dans la vie de notre belle commune, j\u2019en suis le maire depuis le mois de juillet 2020. J\u2019ai souhait\u00e9 \u00eatre un maire pr\u00e9sent et en contact r\u00e9gulier avec la population.<\/pre>\n<\/div>\n<\/div>\n\n\n\n<p class=\"has-custom-vert-color has-text-color has-link-color wp-elements-f3cc6cbaadd39c5a24a35edbd9ad62bb\">UN \u00c9LAN \u00c0 PROLONGER ET \u00c0 AMPLIFIER&nbsp;<\/p>\n\n\n\n<p>Je mesure le travail accompli depuis notre arriv\u00e9e dans l\u2019apr\u00e8s-Covid. Nous avons trouv\u00e9 une commune en difficult\u00e9&nbsp;: une situation financi\u00e8re pr\u00e9occupante, une ville qui tendait \u00e0 devenir une ville-dortoir o\u00f9 les \u00e9v\u00e9nements conviviaux se faisaient rares.<\/p>\n\n\n\n<p>Malgr\u00e9 le contexte difficile, c\u2019est avec d\u00e9termination et engagement que nous avons redress\u00e9 nos finances. Ceci nous a permis d\u2019investir dans du mat\u00e9riel d\u2019entretien n\u00e9cessaire et <a href=\"https:\/\/enavantlesessarts2026.fr\/?page_id=19\" data-type=\"link\" data-id=\"https:\/\/enavantlesessarts2026.fr\/?page_id=19\">de remettre en \u00e9tat un patrimoine communal qui avait \u00e9t\u00e9 laiss\u00e9 \u00e0 l\u2019abandon<\/a> (r\u00e9fection compl\u00e8te de rues, r\u00e9habilitation du ch\u00e2teau de la Romanie pour en faire un p\u00f4le culturel, travaux au Centre Culturel et Sportif de Mauregard, r\u00e9paration des chauffages, changement de lampadaires, d\u00e9ploiement de la vid\u00e9oprotection, v\u00e9g\u00e9talisation d\u2019une cour d\u2019\u00e9cole&#8230;).<\/p>\n\n\n\n<p>Nous avons r\u00e9organis\u00e9 et relanc\u00e9 des \u00e9v\u00e9nements, am\u00e9lior\u00e9 la s\u00e9curit\u00e9, dynamis\u00e9 la vie sportive et culturelle avec nos associations et redonn\u00e9 vie \u00e0 notre centre-ville (retour du feu de la St-Jean, du carnaval, f\u00eate foraine pour les enfants, ouverture de nouveaux commerces&#8230;).<\/p>\n\n\n\n<p>Les bases sont pos\u00e9es&nbsp;: notre commune revit et elle redevient une ville attractive. Toutefois, beaucoup reste \u00e0 faire sur l\u2019am\u00e9nagement de notre commune pour la d\u00e9fense de notre environnement face aux enjeux vitaux du changement climatique. Nous continuerons sur notre lanc\u00e9e !<\/p>\n\n\n\n<p class=\"has-custom-vert-color has-text-color has-link-color wp-elements-0dbc1fcbc21c36ee8673f305dda1dacf\">VOTRE SOUTIEN ET VOTRE BIENVEILLANCE ANIMENT MON ENGAGEMENT<\/p>\n\n\n\n<p>\u00catre maire d\u2019une commune comme la n\u00f4tre est un engagement au quotidien. J\u2019aimerais donc tout naturellement remercier mon \u00e9pouse et nos deux fils pour leur soutien sans faille, leur patience dans les moments charg\u00e9s et leur engagement discret mais essentiel. J\u2019aimerais remercier aussi l\u2019\u00e9quipe qui m\u2019accompagne depuis pr\u00e8s de 6 ans et qui a fait preuve d\u2019une unit\u00e9, d\u2019une loyaut\u00e9 et d\u2019un d\u00e9vouement remarquables. Je lui suis reconnaissant de s\u2019engager de nouveau \u00e0 mes c\u00f4t\u00e9s.<\/p>\n\n\n\n<p>Merci \u00e9galement aux citoyens qui nous rejoignent aujourd\u2019hui, pr\u00eats \u00e0 poursuivre avec nous le travail pour imaginer ensemble les Essarts-le-Roi de demain. Tous partagent la m\u00eame volont\u00e9 : contribuer, collectivement, au service du bien commun en mettant de c\u00f4t\u00e9 les \u00e9tiquettes pour avancer d\u2019un m\u00eame \u00e9lan. Aucun ne s\u2019engage pour son int\u00e9r\u00eat personnel.<br>Enfin, merci aux Essartois pour leur bienveillance : votre soutien est tr\u00e8s appr\u00e9ci\u00e9 et constitue un carburant inestimable.&nbsp;<\/p>\n\n\n\n<p class=\"has-custom-vert-color has-text-color has-link-color wp-elements-8b72431146e33561564ab256974e797b\">EN AVANT LES ESSARTS&nbsp;!<\/p>\n\n\n\n<p>Notre commune ne doit pas subir&nbsp;! Elle doit avancer, se consolider et pr\u00e9parer l\u2019avenir avec s\u00e9r\u00e9nit\u00e9. M\u00eame si nous avons d\u00e9j\u00e0 \u0153uvr\u00e9 pour rendre notre ville plus attractive, il est temps d\u2019aller encore plus loin, pour concr\u00e9tiser et poursuivre les projets ambitieux qu\u2019elle m\u00e9rite.<\/p>\n\n\n\n<p>Je vous invite \u00e0 nous rejoindre et \u00e0 \u00e9changer avec l\u2019\u00e9quipe EN AVANT LES ESSARTS pour construire et enrichir nos id\u00e9es. Ensemble, faisons des Essarts un mod\u00e8le de r\u00e9ussite et de bien-vivre pour les prochaines ann\u00e9es.<\/p>\n\n\n\n<p>Vous pouvez compter sur l\u2019\u00e9quipe EN AVANT LES ESSARTS pour poursuivre et amplifier cette dynamique, pour continuer d\u2019agir avec cr\u00e9dibilit\u00e9, transparence et engagement. Ensemble, soyons fiers et heureux de vivre aux Essarts-le-Roi.<\/p>\n\n\n\n<p>Je vous remercie pour votre confiance et votre soutien.<\/p>\n\n\n\n<p class=\"has-custom-vert-color has-text-color has-link-color wp-elements-773067cd56ac1c7bb2f8edf2810e8563\"><strong>En avant, les Essarts !<\/strong><\/p>\n\n\n\n<p>Bien \u00e0 vous,<br>Isma\u00ebl NEHLIL<\/p>\n","protected":false},"excerpt":{"rendered":"<p>Un nouveau mandat Qui suis-je ? Pour ceux qui ne me connaissent pas, je suis Essartois depuis pr\u00e8s de 20 ans. Directeur juridique, je suis mari\u00e9 et p\u00e8re de deux enfants de 16 et 13 ans. Engag\u00e9 dans la vie de notre belle commune, j\u2019en suis le maire depuis le mois de juillet 2020. J\u2019ai [&hellip;]<\/p>\n","protected":false},"author":2,"featured_media":0,"parent":0,"menu_order":0,"comment_status":"closed","ping_status":"closed","template":"","meta":{"footnotes":""},"class_list":["post-96","page","type-page","status-publish","hentry"],"_hostinger_reach_plugin_has_subscription_block":false,"_hostinger_reach_plugin_is_elementor":false,"_links":{"self":[{"href":"https:\/\/enavantlesessarts2026.fr\/home\/wp-json\/wp\/v2\/pages\/96","targetHints":{"allow":["GET"]}}],"collection":[{"href":"https:\/\/enavantlesessarts2026.fr\/home\/wp-json\/wp\/v2\/pages"}],"about":[{"href":"https:\/\/enavantlesessarts2026.fr\/home\/wp-json\/wp\/v2\/types\/page"}],"author":[{"embeddable":true,"href":"https:\/\/enavantlesessarts2026.fr\/home\/wp-json\/wp\/v2\/users\/2"}],"replies":[{"embeddable":true,"href":"https:\/\/enavantlesessarts2026.fr\/home\/wp-json\/wp\/v2\/comments?post=96"}],"version-history":[{"count":18,"href":"https:\/\/enavantlesessarts2026.fr\/home\/wp-json\/wp\/v2\/pages\/96\/revisions"}],"predecessor-version":[{"id":1411,"href":"https:\/\/enavantlesessarts2026.fr\/home\/wp-json\/wp\/v2\/pages\/96\/revisions\/1411"}],"wp:attachment":[{"href":"https:\/\/enavantlesessarts2026.fr\/home\/wp-json\/wp\/v2\/media?parent=96"}],"curies":[{"name":"wp","href":"https:\/\/api.w.org\/{rel}","templated":true}]}}